ds digit of 29026?
2
What is the ten thousands digit of 20331?
2
What is the thousands digit of 1168?
1
What is the hundreds digit of 140114?
1
What is the thousands digit of 41103?
1
What is the hundreds digit of 4501?
5
What is the thousands digit of 6142?
6
What is the ten thousands digit of 71897?
7
What is the hundreds digit of 23023?
0
What is the units digit of 106022?
2
What is the hundreds digit of 68054?
0
What is the tens digit of 3392?
9
What is the thousands digit of 4716?
4
What is the tens digit of 2216?
1
What is the thousands digit of 47982?
7
What is the units digit of 6453?
3
What is the ten thousands digit of 201912?
0
What is the hundreds digit of 638?
6
What is the units digit of 57261?
1
What is the hundreds digit of 1916?
9
What is the thousands digit of 44928?
4
What is the thousands digit of 39069?
9
What is the hundreds digit of 1500?
5
What is the tens digit of 5228?
2
What is the thousands digit of 11416?
1
What is the units digit of 5894?
4
What is the ten thousands digit of 11608?
1
What is the units digit of 207?
7
What is the ten thousands digit of 23961?
2
What is the units digit of 662?
2
What is the hundreds digit of 304?
3
What is the hundreds digit of 1539?
5
What is the units digit of 2090?
0
What is the hundreds digit of 885?
8
What is the ten thousands digit of 14660?
1
What is the units digit of 4912?
2
What is the units digit of 6723?
3
What is the units digit of 3565?
5
What is the ten thousands digit of 90772?
9
What is the thousands digit of 9302?
9
What is the thousands digit of 6627?
6
What is the units digit of 1621?
1
What is the hundreds digit of 95069?
0
What is the tens digit of 1488?
8
What is the hundreds digit of 5096?
0
What is the units digit of 6133?
3
What is the thousands digit of 12776?
2
What is the hundreds digit of 838?
8
What is the thousands digit of 2246?
2
What is the hundreds digit of 1570?
5
What is the thousands digit of 2133?
2
What is the ten thousands digit of 22654?
2
What is the hundreds digit of 10902?
9
What is the units digit of 6186?
6
What is the thousands digit of 45385?
5
What is the tens digit of 318?
1
What is the hundreds digit of 19243?
2
What is the hundreds digit of 8724?
7
What is the ten thousands digit of 14629?
1
What is the hundreds digit of 3169?
1
What is the units digit of 32?
2
What is the tens digit of 40109?
0
What is the tens digit of 252?
5
What is the hundreds digit of 1647?
6
What is the hundreds digit of 51175?
1
What is the units digit of 1143?
3
What is the units digit of 4638?
8
What is the hundreds digit of 727?
7
What is the units digit of 779?
9
What is the tens digit of 3035?
3
What is the hundreds digit of 45447?
4
What is the hundreds digit of 4979?
9
What is the units digit of 639?
9
What is the hundreds digit of 1261?
2
What is the tens digit of 5178?
7
What is the units digit of 311?
1
What is the ten thousands digit of 21900?
2
What is the thousands digit of 3503?
3
What is the hundreds digit of 8164?
1
What is the tens digit of 3621?
2
What is the units digit of 1039?
9
What is the hundred thousands digit of 140934?
1
What is the units digit of 28618?
8
What is the ten thousands digit of 84124?
8
What is the thousands digit of 7654?
7
What is the units digit of 1830?
0
What is the units digit of 1126?
6
What is the tens digit of 314?
1
What is the units digit of 17517?
7
What is the thousands digit of 15446?
5
What is the tens digit of 831?
3
What is the hundreds digit of 2754?
7
What is the tens digit of 983?
8
What is the units digit of 713?
3
What is the units digit of 3885?
5
What is the hundreds digit of 19101?
1
What is the thousands digit of 5554?
5
What is the tens digit of 92748?
4
What is the units digit of 10945?
5
What is the hundreds digit of 10296?
2
What is the units digit of 102539?
9
What is the hundreds digit of 3724?
7
What is the units digit of 12?
2
What is the tens digit of 16656?
5
What is the units digit of 3425?
5
What is the tens digit of 5378?
7
What is the hundreds digit of 24247?
2
What is the units digit of 1108?
8
What is the hundreds digit of 1176?
1
What is the thousands digit of 3665?
3
What is the thousands digit of 116080?
6
What is the tens digit of 676?
7
What is the hundreds digit of 1529?
5
What is the units digit of 12512?
2
What is the tens digit of 447?
4
What is the thousands digit of 11502?
1
What is the thousands digit of 51462?
1
What is the hundreds digit of 11232?
2
What is the hundreds digit of 112?
1
What is the thousands digit of 1448?
1
What is the units digit of 573?
3
What is the thousands digit of 1206?
1
What is the hundreds digit of 6809?
8
What is the thousands digit of 1780?
1
What is the hundreds digit of 3774?
7
What is the units digit of 3538?
8
What is the hundreds digit of 4088?
0
What is the units digit of 2306?
6
What is the hundreds digit of 13637?
6
What is the ten thousands digit of 101689?
0
What is the thousands digit of 1153?
1
What is the thousands digit of 2991?
2
What is the tens digit of 1992?
9
What is the ten thousands digit of 44520?
4
What is the ten thousands digit of 10685?
1
What is the tens digit of 12244?
4
What is the thousands digit of 7513?
7
What is the tens digit of 485?
8
What is the tens digit of 44404?
0
What is the hundreds digit of 8216?
2
What is the units digit of 2735?
5
What is the tens digit of 30305?
0
What is the tens digit of 53327?
2
What is the units digit of 12708?
8
What is the thousands digit of 1650?
1
What is the tens digit of 3776?
7
What is the units digit of 34065?
5
What is the hundreds digit of 807?
8
What is the hundreds digit of 8907?
9
What is the tens digit of 2169?
6
What is the units digit of 537?
7
What is the units digit of 475?
5
What is the thousands digit of 30491?
0
What is the units digit of 6129?
9
What is the ten thousands digit of 91402?
9
What is the tens digit of 75736?
3
What is the units digit of 24774?
4
What is the thousands digit of 3252?
3
What is the hundreds digit of 10146?
1
What is the ten thousands digit of 18842?
1
What is the units digit of 1767?
7
What is the units digit of 18462?
2
What is the tens digit of 2470?
7
What is the hundreds digit of 27833?
8
What is the units digit of 12258?
8
What is the thousands digit of 11104?
1
What is the thousands digit of 2643?
2
What is the units digit of 25536?
6
What is the tens digit of 2377?
7
What is the tens digit of 12176?
7
What is the hundreds digit of 6204?
2
What is the units digit of 12837?
7
What is the tens digit of 55493?
9
What is the hundreds digit of 1089?
0
What is the tens digit of 87?
8
What is the tens digit of 4375?
7
What is the tens digit of 87968?
6
What is the units digit of 1155?
5
What is the units digit of 826?
6
What is the tens digit of 6242?
4
What is the tens digit of 505?
0
What is the units digit of 6301?
1
What is the thousands digit of 1139?
1
What is the tens digit of 954?
5
What is the ten thousands digit of 100649?
0
What is the units digit of 1798?
8
What is the hundreds digit of 46784?
7
What is the units digit of 154603?
3
What is the tens digit of 3202?
0
What is the ten thousands digit of 12284?
1
What is the units digit of 811?
1
What is the tens digit of 2797?
9
What is the thousands digit of 3131?
3
What is the units digit of 89746?
6
What is the units digit of 11318?
8
What is the tens digit of 8599?
9
What is the tens digit of 81005?
0
What is the hundreds digit of 9170?
1
What is the units digit of 2637?
7
What is the tens digit of 26787?
8
What is the thousands digit of 54396?
4
What is the units digit of 3839?
9
What is the tens digit of 75604?
0
What is the ten thousands digit of 95121?
9
What is the hundreds digit of 1078?
0
What is the ten thousands digit of 57649?
5
What is the tens digit of 24712?
1
What is the ten thousands digit of 11170?
1
What is the tens digit of 2073?
7
What is the tens digit of 37415?
1
What is the thousands digit of 60287?
0
What is the hundreds digit of 8632?
6
What is the tens digit of 360?
6
What is the ten thousands digit of 91334?
9
What is the tens digit of 46?
4
What is the units digit of 408?
8
What is the units digit of 9922?
2
What is the units digit of 119?
9
What is the ten thousands digit of 31896?
3
What is the tens digit of 6074?
7
What is 